009. What are the prime factors of t?
2, 31, 349
Suppose 5*q = 4*x - 47, 5*x + 0*q + 4*q - 28 = 0. Suppose -5*w + 3 = x. List the prime factors of -16 + 14 + (w - -235).
2, 29
Suppose -46*b + 4*i + 824 = -45*b, 4086 = 5*b - 3*i. What are the prime factors of b?
2, 3, 17
Let q(b) = 2*b**2 + 7*b + 15. Let v(h) = h**2 - 6*h - 58. Let r be v(-5). What are the prime factors of q(r)?
2, 3
Suppose -3*j + 2*j - 5*x = -21810, -3*x = -3*j + 65430. List the prime factors of j.
2, 3, 5, 727
Let t(j) = -3 - 31 + 4*j - 5 + 8*j + 9*j**2. Let l(a) = -5*a**2 - 6*a + 19. Let w(h) = -13*l(h) - 6*t(h). What are the prime factors of w(3)?
2, 13
Suppose 0 = n - f - 2, 3*n - 2*f + 3*f = 6. Suppose n*z + 9 = -3*v + 6*v, 3*z = 0. List the prime factors of -52*(-3)/(9 - v).
2, 13
Suppose -5*m = 4*u - 10*m - 92, 0 = -u + 4*m + 23. List the prime factors of 1087 + 2 - (u - 21).
1087
Let t = 1633 - 1638. Let h(j) = -j**3 - j**2 - 3*j - 3. Let k be h(-2). What are the prime factors of ((25/(-4))/t)/(k/476)?
5, 17
Let l = 17994 - 12317. Suppose -2117 - 2149 = -3*g - r, -4*g - 5*r + l = 0. List the prime factors of g.
1423
Let d = 723 + -793. What are the prime factors of (107 + 4)*d/(-15)?
2, 7, 37
Let f(z) = -z**2 + 8*z - 5. Let r be f(7). Let o(j) = -1 - 3 - 3*j + 13*j**2 + 4. What are the prime factors of o(r)?
2, 23
Let a be ((-75)/(-15))/(5/24). What are the prime factors of 6 + a/(-4) - -145?
5, 29
Let z be 4/6 - (4060/(-21) - -6). Let l = z + -113. What are the prime factors of l?
3, 5
Suppose 2*n + 8 = -4*c - 2*n, -5*c - n + 10 = 0. Suppose 8 = 4*x - c*t, -3*x + 0*t = 3*t - 27. Let z(m) = 2*m**2 + 3*m - 11. What are the prime factors of z(x)?
2, 3
Suppose -10*n + 11*n = 2. Let b(p) = -2 + 2*p + 2*p - n + p. List the prime factors of b(25).
11
Let m be 1275/50 - (-6)/4. Let p = 110 + m. Let o = 327 - p. List the prime factors of o.
2, 5, 19
Suppose 4*n - 158974 = 2*n - 5*g, -5*n + 397464 = -2*g. List the prime factors of n.
2, 7, 17, 167
Suppose 5*r + 29 = -126. Let h = r + 34. Suppose 5*d = -h*o + 334, -2*d + 121 = -0*d - 3*o. What are the prime factors of d?
5, 13
Suppose 43*a = 12*a - 18166. Let s = a + 705. List the prime factors of s.
7, 17
Let y(b) = -b**2 - 23*b - 11. Let i = -75 - -53. Let p be y(i). Suppose 0 = t - s - p, -5*t + 10 = 2*s + 2*s. List the prime factors of t.
2, 3
Let h(b) = b**2 + 12*b - 7. Let q be h(23). Let g = 969 - q. What are the prime factors of g?
3, 19
Suppose -7*o + 5*o = -m - 13454, 3*o - 20159 = -4*m. What are the prime factors of o?
5, 269
Suppose 0 = -2*m + 6*m - 5*o - 2565, 0 = -3*m - 4*o + 1885. Let s = m - 419. List the prime factors of s.
2, 3
Let i(x) be the third derivative of x**6/120 - x**5/20 - 3*x**4/8 + 13*x**3/6 - 6*x**2. Suppose -3*a = 9, -16 + 4 = -4*h - 4*a. List the prime factors of i(h).
67
Let l be (3/6)/((-21)/420). What are the prime factors of (2 - -1817) + l/(-10)?
2, 5, 7, 13
Suppose -2*q = -980 - 1847 - 3443. What are the prime factors of q?
3, 5, 11, 19
Let b be (11 - 7)*15/20. Suppose -b*i - l = 2*i - 4980, -1017 = -i + 4*l. What are the prime factors of i?
997
Suppose -2*r + 246 = 26. Let p = -21 + r. List the prime factors of p.
89
Suppose n = 2 + 6. Let g(c) = -c**3 + 10*c**2 + 6*c - 1. List the prime factors of g(n).
5, 7
Let y(b) = -5*b**2 + 14*b + 6 - 36 + 4*b**2. Let m be y(11). Suppose -90 - 21 = -m*w. What are the prime factors of w?
37
Suppose 5*k = -l - 479, -l - 3*k = k + 478. Let y = l + 891. What are the prime factors of y?
3, 139
Let d(h) = 2*h**3 + 9*h**2 + 5*h - 2. Let a be d(-4). What are the prime factors of (-571)/a + (-26)/156?
5, 19
Let z(o) be the second derivative of -16*o**3/3 + 3*o**2/2 + 156*o. Suppose 3*j - 17 = b + 3*b, 2*j + 4*b = -22. List the prime factors of z(j).
5, 7
Suppose -1430 - 10322 = -13*p. Suppose 3*s + 65 = 5*z, 3*s = -2*z - 0 + 5. Suppose 4*b - p = -4*y, -3*y + 1124 = -5*b + z*b. What are the prime factors of b?
223
Let x = -11698 - -22450. List the prime factors of x.
2, 3, 7
Let n(o) = 3*o**2 + 136*o + 107. List the prime factors of n(-69).
2, 2503
Let u(j) = -32*j + 37. Suppose -15 = 3*z + 4*x, z + x - 39 = 5*z. What are the prime factors of u(z)?
5, 13
Suppose -243*w + 244*w - 4109 = m, -3*w - 2*m + 12297 = 0. What are the prime factors of w?
11, 373
Suppose 3*b = -k + 30512, 224*k - 223*k - 30526 = -b. What are the prime factors of k?
19, 1607
Let j = 838 - 843. What are the prime factors of j/(-3)*63*84/9?
2, 5, 7
Suppose y = -k - 242, 2*k + 402 = -y - 78. Let s = 435 + k. List the prime factors of s.
197
Let k(x) = 7*x**2 - 88*x - 575. List the prime factors of k(69).
2, 5, 23, 29
Suppose 101250 = -23*d + 271887. Suppose 4*j - 3*g + 240 - 6160 = 0, -5*j + d = g. List the prime factors of j.
1483
Let w be (-10)/(-8) - (28/(-16))/(-7). What are the prime factors of (-31914)/(-72) + (3/(-12))/w?
443
Let t(h) be the first derivative of 4*h**3/3 - 62*h**2 - 42*h + 151. List the prime factors of t(33).
2, 3, 37
Let b = -17 + 20. Suppose 2*l = 2*a, -5*l = -b*l - 4*a + 10. Suppose 3*u - v - 105 = -0*v, l*v = -5*u + 155. List the prime factors of u.
2, 17
Let g be 1498/(1*2) + 76/(-19). Suppose 4*t = g + 527. List the prime factors of t.
2, 3, 53
Let t = 19657 - 3107. List the prime factors of t.
2, 5, 331
Suppose -9*h + 4668 = -3*h. Suppose -474 = -3*g - 3*w, -3*g - 2*g + h = w. List the prime factors of g.
5, 31
Let k(s) = -s**3 - 8*s**2 - 17*s - 3. Let n be k(-3). Let u be -2*n/18*-1062. Let c = u + -222. List the prime factors of c.
2, 3, 11
Suppose -1284*k = -1288*k + 4*r + 33636, 3*k + 5*r - 25267 = 0. What are the prime factors of k?
2, 7, 601
What are the prime factors of 1*(-8 + (7656 - -3))?
7, 1093
Suppose 0 = -27*o + 16*o + 65934. List the prime factors of o.
2, 3, 37
Let q(j) = -4*j**2 + 8*j - 10. Let x be q(10). Suppose 0 = -24*b - 8475 + 3315. Let k = b - x. List the prime factors of k.
5, 23
Let y(s) = -s**3 + 12*s**2 - 2*s + 41. Let f be y(12). Suppose 18*v = f*v + 1120. What are the prime factors of v?
2, 5, 7
List the prime factors of (13 - -1)*1427 - (-5 + 1 + 2).
2, 3, 5, 37
Suppose 5*z = -5*a + 4*z + 22, a - 3*z = 14. Suppose -a*p = 25, 2*p = 2*u - 0*p - 10. List the prime factors of 308/4 - (-1 - u).
2, 3, 13
Let p(v) = -v - 1. Let x be p(-16). Suppose 4*a + x + 1 = 0. What are the prime factors of (-1*202)/((0 - -8)/a)?
101
Let z = 681 - -280. Suppose -2*x + 5*m + 473 = 0, -z = -7*x + 3*x + 5*m. List the prime factors of x.
2, 61
Suppose k - 4 = 2*k - x, 4*k - 20 = -5*x. Let r(i) = i**2 - 96. Let d be r(k). What are the prime factors of 0 + 1 - (d - (2 - 1))?
2, 7
Let o be 55 - (7 - 7)*(-2)/(-6). Let n be 4*-1*39/6. Let j = n + o. List the prime factors of j.
29
Let p be 2*106*(-3)/48*-4. List the prime factors of (p/7 + -1)/((-4)/(-28)).
2, 23
What are the prime factors of (0 + 3 - 333198/(-42)) + (-14)/49?
2, 31
Let d(s) = -5*s**3 + 3*s**2 + s - 8. Suppose -b = -2*t + 3, 3*b + 2*t = -t + 18. Let h be d(b). Let i = -71 - h. List the prime factors of i.
2, 3, 7
Suppose 100559 + 87304 = 39*s. What are the prime factors of s?
4817
Let l be 1/((-2)/24)*(-10)/15. Let i(d) = 55*d - 5. Let y be i(5). Suppose -14*h + y = -l*h. What are the prime factors of h?
3, 5
Let o be -15*(-22)/(-33)*(-12)/10. Suppose -3*u - 5 + 35 = 0. Suppose o*f - 306 = u*f. What are the prime factors of f?
3, 17
Let o(w) = 2*w - 21. Let l be o(12). Suppose 0 = z - l*b - 13, 3*z + 5*b = -16 - 1. What are the prime factors of z + 6/(-1) + 64?
59
Let r = -35 + 893. Suppose -2207 = -5*s - 3*v, r = 2*s - 3*v - 2*v. List the prime factors of s.
439
Let m = 10 + 5. Suppose 4*w - m = -w. Suppose -58 + 226 = w*k. List the prime factors of k.
2, 7
Let m(t) = -t**3 - 4*t**2 + 7*t + 11. Let q be m(-5). Suppose 0 = 2*j + 3*b + q + 170, 4*b + 410 = -5*j. List the prime factors of (1 - 0)/((-1)/j).
2, 3, 13
Let h(s) be the first derivative of -s**4/4 + 11*s**3/3 + s**2/2 - 49*s - 55. List the prime factors of h(9).
2, 61
Let i(f) = -12*f**3 + 20*f**2 + 21*f + 6. What are the prime factors of i(-10)?
2, 3449
Suppose 3*i = 21 + 72. Suppose -i*s - 2044 = -35*s - 4*w, -4*s + 5*w = -2044. What are the prime factors of s?
7, 73
Let p be -26 - -23 - (-5 - -2). Suppose 16*f - 509 - 1411 = p. What are the prime factors of f?
2, 3, 5
What are the prime factors of -15 + 623237/85 + (-2)/10?